d by t(27).
37
Suppose 12*l + 36 = 180. What is the remainder when 635 is divided by l?
11
Let o(h) = 17*h**3 - 46*h**2 + 4*h + 8. Calculate the remainder when 3752 is divided by o(4).
368
Suppose -5*d - 6 = -26. Suppose -d*f = z - 10, -f + 30 = 3*z - 0. Calculate the remainder when 18 is divided by z.
8
Let n = 7245 - 7146. Calculate the remainder when n is divided by 9.
0
Let c(v) = -224*v + 1791. What is the remainder when c(5) is divided by 231?
209
Let n = 102 - 36. Suppose 2 = -j, -4*o - 4*j = -o - 133. Let i = n - o. Calculate the remainder when 55 is divided by i.
17
Let j = 2264 - 1676. Calculate the remainder when j is divided by 59.
57
Let m = 2 - 2. Suppose -3*w + 4*w = m. Suppose 3*t - 7*t + 556 = w. What is the remainder when t is divided by 47?
45
Let h be 124 - 1 - (69 - 66). Let x(s) = 14*s + 4. Let a be x(-4). Let p = a + h. What is the remainder when p is divided by 14?
12
Let c = 25 + 4. Calculate the remainder when 65 is divided by c.
7
Let c be (-82)/410 + (1 - (-1)/5). Let y(a) = -a**2 + 16*a - 16. What is the remainder when y(8) is divided by 11*(-3 - -4)/c?
4
What is the remainder when 226 is divided by 3 + (-208)/39*-6?
16
Let f(j) = -65*j + 1525. Let n = -7 + 8. Suppose m - 10 = n. Calculate the remainder when f(23) is divided by m.
8
Let d(n) = -4*n**2 + n + n - 6 + 3 - n**3 - 12. Let i be d(-5). Calculate the remainder when 30 is divided by (i + (-4)/(-5))/(5/100).
14
Let y be 4/(-4) - -3 - -1. Suppose -y = -2*l - 1, 0 = 5*w + 2*l - 1622. What is the remainder when ((-40)/(-6))/(24/w) is divided by 46?
44
Suppose -293 = -3*s + 2*g - 91, 5*s - 3*g = 335. Let w = 37 + 1. Calculate the remainder when s is divided by w.
26
Suppose h + 2*y - 17 = 0, 2*h - 9*y = -8*y + 14. Let p(t) = -t**3 + 5*t**2 + 3*t. What is the remainder when p(4) is divided by h?
1
Suppose -5*q - 4*w + 34 = 0, 4*q - 3*q - 4 = 2*w. Let s be (-2)/(1 - 3/(-6)*-1). Calculate the remainder when (-5)/(-1)*(s + 72/10) is divided by q.
4
Let z be (-1002)/(-16) + (5 - (-333)/(-72)). Suppose 4*m = 3*x + z, -3*m + 8*x - 5*x + 51 = 0. What is the remainder when 40 is divided by m?
4
Let y(f) = f**3 - 6*f**2 + 63*f - 274. Calculate the remainder when y(10) is divided by 147.
21
Let l(q) = -18*q + 295. Let b be l(13). Suppose -b*o = -64*o + 141. What is the remainder when o is divided by 12?
11
Suppose 5*v - 25 = -4*y, 9*y = 4*y. Suppose 0 = v*b + b - 192. What is the remainder when b is divided by (34/(-4))/((-2)/4)?
15
Let a = 60 - 40. Let n be (-11 - 0)/(10/a). Let g = n - -26. What is the remainder when 16 is divided by g?
0
Suppose -219*p = 8220 - 12162. What is the remainder when 593/7 - (-4)/14 is divided by p?
13
Let i = -190 + 230. Suppose 10*z + i - 450 = 0. Suppose -2 = -v + 12. Calculate the remainder when z is divided by v.
13
Suppose 866*g - 74*g = 596376. Calculate the remainder when g is divided by 125.
3
Let m(p) = -p**3 - 50*p**2 + 12*p + 671. What is the remainder when m(-50) is divided by 70?
1
Let g(y) = 32*y**2 + 49*y - 417. Calculate the remainder when g(9) is divided by 17.
15
Suppose -5*b = 4*y - 477, 5*b - 51*y + 50*y = 512. Calculate the remainder when 808 is divided by b.
0
Suppose m + 3*m = -f + 41, 2*m - 5*f = 15. Suppose 2*v - 14 - 204 = 0. Calculate the remainder when v is divided by (-18 + m)/((-2)/7).
25
Suppose 701 = -1649*o + 1655*o + 239. Calculate the remainder when 2848 is divided by o.
76
Let d(v) = -20*v + 34. Let m(p) = 3*p + 1. Let s(g) = 2*d(g) + 12*m(g). Calculate the remainder when s(8) is divided by 13.
9
Let c be (-1265)/46*(-5)/(15/18). Let a = 206 - c. What is the remainder when a is divided by 15?
11
Suppose 7*t = -1783 + 6424. Calculate the remainder when t is divided by 74.
71
Suppose -7*x + 3185 = -5*x - 5*n, 0 = 2*x - 3*n - 3187. What is the remainder when x is divided by 66?
11
Suppose -35*y = 12*y - 470. Calculate the remainder when (-973)/(-15) - (-6)/45 is divided by y.
5
Suppose 77*a = 86*a - 171. Let j = -485 - -901. What is the remainder when j is divided by a?
17
Let i = 3 + 2. Suppose 3*t = -2*t - 893 + 1088. Calculate the remainder when t is divided by i.
4
Let m(y) = 4*y**2 - 10*y - 2. Suppose -4*p - 29*x + 928 = -30*x, -4*x - 709 = -3*p. What is the remainder when p is divided by m(5)?
39
Let i = -794 - -1364. What is the remainder when i is divided by 25?
20
Suppose -k + 1825 = -26*x + 25*x, 3*k + 4*x = 5475. What is the remainder when k is divided by 21?
19
Let y = -1562 - -1728. Calculate the remainder when y is divided by 88.
78
What is the remainder when -4*(-10*5763/504 - (-26)/273) is divided by 112?
9
Let d(u) = 46*u**2 - 6717*u + 6718. Let q(t) = -2*t + 6. Let m be q(-6). Let j = m - 13. What is the remainder when d(1) is divided by j?
2
Suppose 0 = 15*i - 12 - 48. Let l(v) = 3*v**3 - 4*v**2 - 14*v + 1. Calculate the remainder when l(i) is divided by 27.
19
Let p(b) = 18*b + 1. Calculate the remainder when 6 + (705/35)/((-24)/(-168)) is divided by p(2).
36
What is the remainder when 191 is divided by 5 + 19/2*(21 - 1 - 12)?
29
Suppose -3*l - 90 = -3*t, -5*l = 3*t - 4*t + 22. Let o be t/(-12) - (-3)/(-9). What is the remainder when 41 is divided by (o - -8)*84/30?
13
Let p = 64 + -43. Suppose 4*w = p + 203. Let r = 370 - 350. Calculate the remainder when w is divided by r.
16
Suppose 3*v = 6*v - 57. Suppose 24*a + 296 = 28*a + 6*l, a - 5*l = 9. Calculate the remainder when a is divided by v.
2
Let o = 2195 - 1862. Calculate the remainder when 340 is divided by o.
7
Let k(q) = q**2 + 13*q. Let d be (-5)/(50/(-4))*2*-20. Let a be k(d). Suppose a = v + 1. Calculate the remainder when v is divided by 25.
22
Let j be (-3)/6*-4 + 35. Suppose -2*z - 6 = 0, -k + 0*k = -5*z - j. What is the remainder when -4 - (486/(-9) + 10) is divided by k?
18
Let b = 30 + 0. Suppose 1191 = 4*o + m, o - 5*o + 2*m = -1182. What is the remainder when o is divided by b?
27
Let x = -956 + 1088. Calculate the remainder when 2507 is divided by x.
131
Let z = -10 + 22. Let t = 23 - z. Suppose 3*d - 2 = 46. What is the remainder when d is divided by t?
5
What is the remainder when 2 - (-62)/(-30) - (-49181)/(-330)*-2 is divided by 287?
11
Let l be 4 - 3 - 141/(-3). Let c = l - 41. Suppose -3*s + 2*a + 60 = -c, -2*a = 4. Calculate the remainder when s is divided by 8.
5
Let p(f) = -34*f + 61*f + f**2 - 4 - 24*f. Let g(b) = b**3 + 10*b**2 - 3*b - 25. What is the remainder when p(-7) is divided by g(-10)?
4
Let d(u) = -u**3 - 19*u**2 - 18*u + 23. Let t be d(-18). Suppose -3*k + t = 2*l, l = 4*l - 3*k - 27. What is the remainder when l is divided by 5?
0
Let a(w) = 840*w - 7521. Calculate the remainder when 2377 is divided by a(9).
37
Let q be 4 + (2 + -1 - (-2 - -5)). Suppose -3*x + 5*u = -223, 0 = -2*u + q. Suppose 4*y = -0*y + x. What is the remainder when 35 is divided by y?
16
Let l be (-4)/((-8)/(-2))*1. Let o be (-30)/(-14) + 1 + l/7. Suppose -4*q + g + 79 = 0, -3*q + o*g + 0*g = -57. What is the remainder when q is divided by 3?
2
Suppose -2*j + 431 = 3*k, 3*j = 3*k - k - 296. Let i(o) = -o**2 + 17*o + 7. Calculate the remainder when k is divided by i(15).
34
Let t = -16 + 27. Let h(p) be the first derivative of 3*p**2 + 14*p + 25. Calculate the remainder when h(6) is divided by t.
6
Calculate the remainder when (-1290 - 4)*26/(-52) is divided by 50.
47
Suppose -2987 = -46*n + 10453 + 866. What is the remainder when n is divided by 74?
15
Let n be 13 + -16 - (-1 - (4 - 2)). Suppose 352 = b + 2*k, -3*b + n*b = -3*k - 1047. What is the remainder when b is divided by 27?
26
Let l = -122 + 143. Let s = l - 19. What is the remainder when 40 is divided by s/4*104/(10/5)?
14
What is the remainder when (2 - 18/4)/(-5)*442 is divided by -1*(284/(-10) - 116/(-290))?
25
Let k(a) = 2*a**3 + 2*a**2 + 39. Let b(j) = -j**2 - 2*j + 1. Let d be b(-5). What is the remainder when k(0) is divided by d*(-3)/6 - -3?
9
Suppose 0 = -4*i - 2 - 2. Let d(t) = -2*t**2 + 7*t - t + 9*t**2 - 16*t + 13*t + 1. Calculate the remainder when 63 is divided by d(i).
3
Let c be (-1)/(-3) - (-14)/(-6). Let b = 4171 - 4181. What is the remainder when c - -2 - (b + -28) is divided by 14?
10
Calculate the remainder when 6*(-121)/(-33)*22 is divided by 35.
29
Let y(s) = s**2 - 130*s - 538. Calculate the remainder when y(136) is divided by 170.
108
Let k